. Suppose l - 227 = -2*u. Let f = 51 - 29. Calculate the remainder when u is divided by f.
18
Suppose 5*q = -3*z + 177, 0*q - 2*q = -4*z + 262. Let d = 17 - z. Let v = d - -66. Calculate the remainder when v is divided by 6.
1
Let l(o) = 7*o**3 + 2*o**2 - 4*o + 5. Let g(h) = 3*h**2 + 49*h - 72. What is the remainder when l(2) is divided by g(-18)?
7
Suppose 12*g - 2813 = -233. What is the remainder when 271 is divided by g?
56
Let p(q) = -27*q - 561. Calculate the remainder when p(-25) is divided by 28.
2
Let m(w) be the second derivative of 13*w**3/3 - 2*w. What is the remainder when m(2) is divided by (-4)/44 + 0 + 1393/77?
16
Let c = -499 - -517. Suppose -3*x + z = -z - c, -5*x + 3*z = -30. Calculate the remainder when 20 is divided by x.
2
What is the remainder when 457 is divided by 3/7 - -25*430/70?
149
Let i(a) = 43*a - 3802. What is the remainder when 2169 is divided by i(89)?
19
Suppose 6314 = 3*f + 4*t, 2*f + 3*f - 10535 = -5*t. What is the remainder when f is divided by 106?
100
Suppose -300*t + 2*t = -24436. Calculate the remainder when t is divided by 1/(-2*2/(-92)).
13
Let r(l) = l**3 - 3*l**2 - 13*l - 3. Let w be r(-3). What is the remainder when (3 - 384)*6/w is divided by 13?
10
Let q(z) = z**2 + z - 14. Let d be q(4). Suppose -k + d = 3*y, 2*k - y = -3*k + 46. Calculate the remainder when k is divided by (-2 + -13)*(-2)/(-10)*-2.
3
Suppose 8 = 5*d + 2*q - 0*q, 5*q - 20 = -4*d. Suppose -16*i + 14*i + 8 = d. Calculate the remainder when 31 is divided by i.
3
Let x = -284 - -136. Let s = -84 + 156. Calculate the remainder when s is divided by x*((-9)/4 + (-7 - -9)).
35
Suppose -2*u - 6 = 0, f + u = 6*f - 128. Calculate the remainder when 666 is divided by f.
16
Let u(n) = -28*n - 149. Suppose l + o + 84 = 6*l, 2*l = 3*o + 31. Suppose 0*r = -r + l. Calculate the remainder when u(-7) is divided by r.
13
Let z(x) = 2*x**3 + 3*x**2 - 2*x + 3. What is the remainder when z(3) is divided by (-1 - 0)/(((-8)/784)/(24/48))?
29
Let q(h) = -22*h + 93. Let m be q(9). What is the remainder when m/45 + 650/6 is divided by 27?
25
Suppose -8*g = -10*g + 204. Let w = -164 + 92. Let p = w + g. Calculate the remainder when p is divided by 11.
8
Suppose 14*x - 18*x + 2*v = -608, 3*x - 2*v = 458. What is the remainder when x is divided by 81?
69
Let w(h) = -2*h**2 - 6*h + 33 + h**2 - 6*h + 3*h. What is the remainder when w(-8) is divided by (-318)/(-21) + (-4)/28?
11
Suppose 3*w - 96 = -w + 4*t, 2*w - t = 51. Suppose -1161*y + 3834 = 321*y - 10986. What is the remainder when w is divided by y?
7
Let f = 3377 - 2913. What is the remainder when f is divided by 119?
107
Suppose f - 14 - 69 = 0. Let l = -21 + 15. Calculate the remainder when f is divided by l*2/((-1)/1).
11
Let y(v) = 10*v**2 - 48*v + 227. Calculate the remainder when y(5) is divided by 6.
3
Suppose -105*j = -162*j + 57. Calculate the remainder when 291 is divided by j.
0
Let u be (-4 - (-8 + 3))*10. Let h(a) = 6*a**2 - 56*a + 48. Suppose 3*z = x + 2*z - 14, -70 = -3*x - 4*z. What is the remainder when h(u) is divided by x?
16
Suppose 1 = b - 4. Suppose b = k - 0*k. Suppose 5*g + 130 = 5*m, -3*g + 10 = -k*g. What is the remainder when 59 is divided by m?
17
Let q(a) be the second derivative of -a**5/20 + a**4/3 + 7*a**3/6 + 29*a**2/2 + 6*a - 11. What is the remainder when q(-6) is divided by 44?
39
What is the remainder when 4416 is divided by 2/(1351/(-455) - -3)?
61
Let o(q) = -q**2 + 216*q - 2999. Calculate the remainder when 4586 is divided by o(15).
10
Let n(s) = -8*s - 115. Let y = -734 + 715. Calculate the remainder when 121 is divided by n(y).
10
Let r = 105 - 101. Suppose -5*w = -m - 42, -2*m = 2*w - 3*w + 3. Calculate the remainder when (r*-5)/(7/(-14)) is divided by w.
4
Let y = 11525 + 64. What is the remainder when y is divided by 56?
53
Suppose 3*x - 4*q + 1 = 4*x, x - 4*q = 17. What is the remainder when 2 - -30 - 0*(-6)/(-36) is divided by x?
5
Let q(x) = 4*x + 3*x + 6*x - 18*x - 77. Let p(h) = -h**3 + 8*h**2 + 4. What is the remainder when q(-18) is divided by p(8)?
1
Calculate the remainder when -23 - (-265)/(-10)*-316 is divided by 58.
57
Let a(g) be the third derivative of -g**5/60 - 13*g**4/24 - g**3 - 7*g**2 + 1. What is the remainder when a(-9) is divided by 16?
14
Let r(j) = -j**2 + 170*j - 970. Calculate the remainder when 431 is divided by r(6).
11
What is the remainder when (4428/15 + 0)/(57/380) is divided by 132?
120
Suppose -7 = 3*s + 8. Suppose -7*m + 2*l = -6*m - 7, 5*m - 57 = -l. What is the remainder when 116 is divided by m + -3 - (s - -4)?
8
Suppose -2704 = -3*q - 102*y + 106*y, 4*y = 4*q - 3612. What is the remainder when q is divided by 57?
53
Suppose -2*q + 230 = 3*j, 5*q + 449 = 4*j + 104. Calculate the remainder when 16957 is divided by j.
77
Suppose -4*f + 1252 = 2*b - 0*b, -3*f = -3. Suppose 0 = -18*v + 30*v - b. Let m(s) = 100*s**3 - 1. Calculate the remainder when m(1) is divided by v.
47
Suppose -781*o = -867*o + 545498. Calculate the remainder when o is divided by 167.
164
Let h(c) = -18*c**2 + 4*c - 3. Let v = 7 + -5. Let r be h(v). Let q = 110 + r. What is the remainder when q is divided by 23?
20
Let t(m) = -m**2 - 6*m + 7. Let p be t(-5). Let b = 26 - p. What is the remainder when (-118)/((-4484)/1995) + (-14)/4 is divided by b?
7
Suppose -3*y - 28 = -c + 20, -4*y = 8. Let p(g) = -9*g**3 - g**3 - 14*g + g**3 + 3*g**3 + 16*g + 10. Calculate the remainder when p(-3) is divided by c.
40
Let c be 2/(-9) - 61/9. Let r = c - -16. Calculate the remainder when 42/4284*-12 - 4608/(-153) is divided by r.
3
Suppose 4*o - 27*u + 22*u - 100 = 0, -2*o - 5*u + 20 = 0. Let p(d) = -31*d + 1. Calculate the remainder when p(-7) is divided by o.
18
Suppose -2*y - 175 = -5*k, -3*k + y = -87 - 19. Calculate the remainder when (-10)/45 - 506/(-9) is divided by k.
19
Let a = -50262 - -50360. Let d = 53 - 29. What is the remainder when a is divided by d?
2
Let v(m) = -9*m + 85. Let z = -32 + 20. Calculate the remainder when v(z) is divided by 13.
11
Let m be (1/2)/(6918/3456 + -2). Suppose 0 = z + z - m. Let i = -46 + z. What is the remainder when i is divided by 17?
13
Let p(x) = -10*x - 287. Suppose -2*k - q - 2*q = -28, 4*k + 4*q - 60 = 0. What is the remainder when p(-59) is divided by k?
14
Suppose 2*s - 46 = 5*t, -20*s + 24*s + 3*t = 40. What is the remainder when 3089 is divided by s?
8
Suppose 24*c - 16*c = -48. Let h(d) = -4*d**3 + 8*d**2 + 14*d - 2. Calculate the remainder when h(c) is divided by 89.
87
Let u = 90 - -152. Suppose 3*a + s = -13 + 92, -4*a = -3*s - 114. What is the remainder when u is divided by a?
26
Let z = 1997 + -1830. What is the remainder when 472 is divided by z?
138
What is the remainder when 34 + 1/(-2)*0 is divided by 635/70 + (-33)/462?
7
Let b = 373 - 242. Suppose -6*h - 11 = -b. What is the remainder when h is divided by 11?
9
Let n(f) = -f**2 - 38*f + 46. What is the remainder when n(-36) is divided by (0 - (3 + 1))*-6?
22
Suppose -103 = -3*q + 86. Let w = -360 - -362. Suppose -13 - q = -w*c. Calculate the remainder when c is divided by 20.
18
Suppose 4*t + 90 = g + g, 2*g - 70 = -t. Let p = g + -24. Calculate the remainder when 7/21*(-6)/(-2) - -23 is divided by p.
11
Suppose 39 = -7*n - 59. Let c be (-52)/n + (-4)/(-14). Suppose c*a + 5*s - s - 104 = 0, a = -3*s + 24. What is the remainder when a is divided by 16?
11
Let j = 639 - 444. Suppose w + 151 = 5*g + 29, -w = g - 22. Suppose -21*a = -g*a + j. Calculate the remainder when a is divided by 11.
10
Suppose 8*f = -6*f + 13328. Suppose 2431 - f = 29*v. Suppose -2 = -5*c + 43. What is the remainder when v is divided by c?
6
Let i(z) = 9*z - 2. Calculate the remainder when 428 is divided by i(21).
54
Suppose 32*z - 587 = 1013. Suppose 39*m = z*m - 803. Calculate the remainder when m is divided by 15.
13
Let t(x) = -3*x**2 - 176*x - 529. Calculate the remainder when t(-54) is divided by 197.
30
Let q(c) = 28*c + 2082. What is the remainder when q(-56) is divided by 65?
59
Let s = -7806 - -7866. What is the remainder when s is divided by 52?
8
Let l(p) = -85*p - 97. Let x be l(-19). Suppose -288*r = -277*r - x. What is the remainder when r is divided by 35?
33
Let i(h) = -h**3 + 34*h**2 + 36*h - 30. Let s be i(35). What is the remainder when (0 - s/5)*-834 is divided b